me factors of g(k)?
2, 3
Suppose -3*p = 3*t, -p + 5*p + 5 = -3*t. Suppose -t*n = -4*s - 9, -n + 2*s + 7 = 2*n. List the prime factors of n.
5
Let t(b) = 94*b**2. Let x = -1 + 0. Let u be t(x). What are the prime factors of (-2)/(-7) + u/14?
7
Suppose 34 = -5*z - 51. Let x = -33 - z. List the prime factors of 4 - 4 - x/2.
2
Let m = -4 - -4. Suppose m = 3*t - 6 - 0. List the prime factors of t.
2
Let q(l) = l - 6. Let v be q(10). Suppose -32 = -3*a + 5*x, 3*a - v*x = 14 + 17. List the prime factors of a.
3
Let q(c) = 4*c**2 - 64*c - 16. List the prime factors of q(19).
2, 53
Suppose 2*i + 18 = 4*i. Suppose -3*o + c + i = -0*o, 3*c = 4*o - 17. Suppose -4*g - 22 = -2*y, 0 = o*y - 0*y + 3*g - 43. What are the prime factors of y?
17
Let a(b) = -b + 5. Let j be a(5). Suppose j = 6*y - y - 60. What are the prime factors of y?
2, 3
Let t be 2/(-11) + (-230)/(-55). Suppose -6 - 2 = -t*s. What are the prime factors of s?
2
Suppose l = 4*d - 198, 0*l + 158 = 3*d + 4*l. Let z = -27 + d. List the prime factors of z.
23
Let g = 9 - 7. Let t = g + -4. Let p = 8 - t. What are the prime factors of p?
2, 5
Let r(k) = k + 11. Let y = 5 - 5. List the prime factors of r(y).
11
Let a(p) = -3*p. Let l(y) = -5*y. Let o(m) = -7*a(m) + 4*l(m). Let u be o(4). What are the prime factors of -2 - 22*(-2)/u?
3
Let g = -2 + 5. Let l = g - -4. List the prime factors of l.
7
Suppose 14*k - 463 = -71. What are the prime factors of k?
2, 7
Suppose 0 = 6*g - 3*g - 345. What are the prime factors of g?
5, 23
Let h(t) = -t**3 - 7*t**2 - 3*t + 2. Let x be h(-7). Suppose 18*j + 75 = x*j. What are the prime factors of j?
3, 5
Let c = 1 - 2. Let j be (c + 7/3)*3. List the prime factors of (-440)/(-36) + j/(-18).
2, 3
Let z = -31 - -43. Let w be 2/(-8) - (-51)/z. What are the prime factors of 20 + (w - 2) + -2?
2, 5
Let u be 22/8 + 3/12. Suppose -37 = -u*i + 5. What are the prime factors of i?
2, 7
Let g = 4 - 2. List the prime factors of (-14)/(-4) + (-1)/g.
3
Suppose 0 = -8*z + 2668 - 28. List the prime factors of z.
2, 3, 5, 11
Let h be 0 - (2 + -2 + -12). Suppose n - h = 3*b - 0*b, 5*n - b = 4. Suppose 0 = -5*g + 65 - n. List the prime factors of g.
13
Suppose -z = -y - 33, 66 = 2*z - 2*y + y. List the prime factors of z.
3, 11
Let l(y) = -y**2 + 5*y - 1. Let t be l(2). Suppose s - 7 - t = 0. Suppose 0 = 5*n - s - 8. What are the prime factors of n?
2
Let v(h) = -7*h - 13. What are the prime factors of v(-6)?
29
Let d = -3 + 2. Let k(y) be the third derivative of -3*y**6/40 + y**5/60 + y**4/24 - 5*y**2. List the prime factors of k(d).
3
Suppose 5*j - 3*q = 92, -5*j + 4*q + 4 = -87. What are the prime factors of j?
19
Suppose -78 = -3*k + 18. List the prime factors of k.
2
Suppose 3*a + 2*r = 5*r - 21, -4*a + 17 = 5*r. Let v = a - -33. Suppose 3*c - v = m + m, c - 2 = -m. What are the prime factors of c?
7
Let m = 4 + -6. Let f be (-31)/(-2) - m/4. Suppose z = -2*y + f - 6, -5*y - 35 = -5*z. List the prime factors of z.
2
Let x(b) = -b**2 + 6*b - 1. Let k be x(4). Suppose -9 = -0*z - 3*z. Let a = z + k. What are the prime factors of a?
2, 5
Suppose y + 12 = 3*y. Let v = -7 - -9. Suppose 4*b + 2*i - 22 = 0, -v*b - 28 = -y*b - 4*i. What are the prime factors of b?
2
Let d = 7 - 13. List the prime factors of (33/d)/((-2)/4).
11
Let o(u) = 5*u + 2. Let p be o(5). Suppose -4*f + 5*y = -7*f - p, -4*f - 13 = -y. List the prime factors of (-112)/(-18) + f/18.
2, 3
Let i(m) = 115*m**2 - 2*m - 2. List the prime factors of i(-1).
5, 23
Let s = 7 + -5. Let h = s + 2. Suppose 4 = 4*c - 2*t - h, 2*t + 4 = 2*c. What are the prime factors of c?
2
Suppose 0 = v + 3*t - 31, -2*v + 3 = 4*t - 51. List the prime factors of v.
19
What are the prime factors of 1/((-4)/(-16)) - -30?
2, 17
Let m(f) be the first derivative of -f**2/2 + 6*f + 1. Let t be m(0). Suppose -t*n = -3*n - 9. List the prime factors of n.
3
Suppose -g = 2*b - 15, -19 = 5*b + 2*g - 55. Let p be (-1 - 3/b)*-14. Suppose i + 2*i = p. What are the prime factors of i?
7
Let x = 22 + -10. Suppose 0*c - 2*c = -x. What are the prime factors of c?
2, 3
Let n = 63 - 32. List the prime factors of n.
31
Let o be 136/22 - (-6)/(-33). Let v = -12 + -21. List the prime factors of ((-4)/o)/(2/v).
11
Suppose -2*l + 7*l = 845. List the prime factors of l.
13
Suppose 2 = -3*x + 17. Let k be -1*(-1)/1 - -5. Suppose 0 = -k*z + 2*z - 4, -x*z - 17 = -m. What are the prime factors of m?
2, 3
Let t(s) = -s + 3. Let b be t(3). Suppose -w = -b - 16. List the prime factors of w.
2
Let v(b) = 38 - b**2 - b - 39 + b + b**3. List the prime factors of v(2).
3
Let v = -74 + 190. What are the prime factors of v?
2, 29
Suppose 3*n - 13 = -2*z, 6*z - z - 22 = -4*n. Suppose z*p = 3*p - 15. What are the prime factors of p?
3, 5
Suppose 0 = -4*t + 2*d + 12 + 2, -t - 4*d = -8. Suppose 0 = t*q + 4 - 40. List the prime factors of q.
3
Suppose -4*g + m + 104 = -m, 5*g = -3*m + 130. List the prime factors of g.
2, 13
Let z be (2/(-4))/(1/40). What are the prime factors of ((-6)/(-2) - z)/1?
23
List the prime factors of -6*2*(-4)/8.
2, 3
Let f(b) = -b**3 - 8*b**2 - 12*b + 5. What are the prime factors of f(-7)?
2, 5
Suppose h = -o + 68, -3*h + 207 = -0*h + 2*o. List the prime factors of h.
71
Suppose -a + 4*a - u = -11, -3*u + 7 = 4*a. Let i(n) = n**3 + 5*n**2 - n - 4. Let s be i(-5). What are the prime factors of a*s/4*-6?
3
Suppose -2*o + 11 = -1. Suppose -s = -6 - o. What are the prime factors of (-1)/(-3)*s/2?
2
Let l(d) = -d**3 - 4*d**2 - 2*d - 4. Let g be l(-4). Let b be 27/g - 2/(-8). Let v = b + -3. List the prime factors of v.
2
What are the prime factors of 9*4 + 0 + 2?
2, 19
Suppose -2*y + 305 = 3*y. List the prime factors of y.
61
Suppose -3*x - s + 184 = 0, -x - 4*s - 44 = -2*x. Let r = x + -38. List the prime factors of r.
2, 11
Suppose 4*v + 2 = -4*b - 2, 3*b - 3*v - 9 = 0. Suppose -3*g - b = 5. List the prime factors of g/3*(-54)/4.
3
Let w(c) = -c**3 - 4*c**2 - 4*c - 2. Let p be w(-4). Suppose 0*s - 3*i = 3*s - 3, -s - 4*i - p = 0. List the prime factors of s.
2, 3
What are the prime factors of (-5)/15 - 332/(-6)?
5, 11
Let j = -3 - -6. Suppose -4*t + 4*c - 2*c = -82, -2*t - j*c + 21 = 0. Let w = t - 9. What are the prime factors of w?
3
Suppose -220 = 6*i - 8*i. List the prime factors of i.
2, 5, 11
Suppose 2*r + 3*r - 5*a - 340 = 0, -2*r = 4*a - 130. List the prime factors of r.
67
Let b = -10 - -20. Suppose 2 = 3*k - b. What are the prime factors of k?
2
What are the prime factors of 0 - -3 - (-8 + 4)?
7
List the prime factors of -3*(6/21 + 3860/(-84)).
137
List the prime factors of (-40)/(-25)*40/1.
2
List the prime factors of 2/(-7) + 382/14.
3
Let l(i) = i**3 - 2*i**2 + i + 93. List the prime factors of l(0).
3, 31
Let f(b) = -b**2 - 6*b. Let d be f(-6). Suppose d = 4*n - 7 - 17. What are the prime factors of n?
2, 3
Suppose -5*z = 3 - 13. Suppose -4*t - 2*l + z = -t, l + 10 = 4*t. Suppose -t*x - 12 = -4*x. List the prime factors of x.
2, 3
Suppose -4*p - 322 = 394. Let f = p - -271. List the prime factors of f/9 - 4/18.
2, 5
Suppose -s + 0*s = -4. Let b = 4 + s. List the prime factors of b.
2
Suppose 43*r - 324 = 39*r. What are the prime factors of r?
3
Suppose -2*g + 8 = -2. Suppose g*y - t - 115 = 0, 2*y = 3*y + 2*t - 34. List the prime factors of y.
2, 3
Let f(q) = 0*q + q + 3 - q**2 + 4*q + q. What are the prime factors of f(3)?
2, 3
What are the prime factors of (1 - -27)/((-6)/(-24) + 0)?
2, 7
Let k(r) = r**3 - 14*r**2 - 2*r + 12. Let x be k(14). What are the prime factors of (-3)/((-2)/(x/(-6)))?
2
Let b(v) = 3*v - 5*v - 6 + 4*v. List the prime factors of b(5).
2
Suppose 3*h - 2*b = 29, 5*b - 139 = -5*h - 49. What are the prime factors of h?
13
What are the prime factors of 5/(-2)*(-20 + 6)?
5, 7
Let g(n) = -31*n - 2. What are the prime factors of g(-1)?
29
Suppose 0 = 5*c - q + 2358, -453 - 493 = 2*c + q. What are the prime factors of 6/(-2) - c/8?
2, 7
Suppose -7*x + v + 230 = -2*x, 0 = -x + 2*v + 37. What are the prime factors of x?
47
Let u = 69 - 17. Let o = u + -24. Let z = o + -17. List the prime factors of z.
11
Suppose -6 = -5*g + 3*g. Suppose 2*c = -c - g, -4*v - 5*c = -67. List the prime factors of v.
2, 3
Let u = 9 + 2. Let d(t) = t**3 - 11*t**2 + 3*t - 12. What are the prime factors of d(u)?
3, 7
Suppose 32 = b + 3*b. Suppose s = -2*